base 6, what is 5205 - -11?
5220
In base 5, what is -433030 + 3?
-433022
In base 15, what is -68d - 0?
-68d
In base 7, what is -2234 - -2?
-2232
In base 2, what is 101 - -101010?
101111
In base 3, what is 11120102 - -10?
11120112
In base 3, what is 212 - -21?
1010
In base 9, what is 100 - 37?
52
In base 16, what is 1 + 34?
35
In base 15, what is -1e23c - 1?
-1e23d
In base 8, what is 47 + 30?
77
In base 3, what is -1 - -101202?
101201
In base 8, what is -4 - 25?
-31
In base 12, what is -8b0 + 5?
-8a7
In base 11, what is 39 - 32?
7
In base 7, what is 540 + -5?
532
In base 8, what is 53 + 5?
60
In base 3, what is 1020202112 - -1?
1020202120
In base 7, what is -5 + -52?
-60
In base 14, what is 75 - 5?
70
In base 16, what is 1b - -1?
1c
In base 11, what is 10 + -25?
-15
In base 3, what is 10121 - 121?
10000
In base 2, what is -10 - 1010100000?
-1010100010
In base 6, what is -555 + 4?
-551
In base 8, what is -2 + 124?
122
In base 4, what is 0 + -11?
-11
In base 14, what is -502a - 4?
-5030
In base 7, what is 0 + -136?
-136
In base 6, what is 4 - 120?
-112
In base 5, what is 101 - 141?
-40
In base 16, what is 4 + 1a?
1e
In base 10, what is 16 - 6?
10
In base 12, what is -2574 - 1?
-2575
In base 11, what is -4 - -2195?
2191
In base 12, what is -134 + 2?
-132
In base 15, what is -131 + -4?
-135
In base 12, what is -7 + 12?
7
In base 3, what is 10 + -12?
-2
In base 3, what is -12 - -202110?
202021
In base 4, what is -1 - 12?
-13
In base 9, what is -2106 - 0?
-2106
In base 12, what is 4 - -b0b?
b13
In base 11, what is 383 - 3?
380
In base 14, what is -16 + -3?
-19
In base 10, what is 219 - -68?
287
In base 3, what is 10 + 2221212?
2221222
In base 11, what is -3 - -11?
9
In base 16, what is 44 + -36?
e
In base 15, what is 2c - 5?
27
In base 15, what is 3 + bb?
be
In base 8, what is -63 + 5?
-56
In base 15, what is 409 - 5?
404
In base 2, what is 11100 - -111111010?
1000010110
In base 6, what is 3 + 2551?
2554
In base 16, what is -14 + 4?
-10
In base 3, what is 201000 + 12?
201012
In base 6, what is -53 + -21?
-114
In base 16, what is -17 + 2?
-15
In base 10, what is 4 + -210?
-206
In base 5, what is -4 + -413?
-422
In base 3, what is -11010 - 2?
-11012
In base 6, what is 3443 - -3?
3450
In base 16, what is 4 + 401?
405
In base 16, what is 32 + -5?
2d
In base 13, what is -109 - 8?
-114
In base 4, what is -200 - 11?
-211
In base 2, what is 0 - -100010111?
100010111
In base 16, what is 6c + 5f?
cb
In base 3, what is -12 - -100121221?
100121202
In base 8, what is -2004 + 1?
-2003
In base 8, what is 1 + -146?
-145
In base 11, what is 120 + -4?
117
In base 8, what is -241 + -1?
-242
In base 13, what is -5 - -145?
140
In base 7, what is 2401 - 5?
2363
In base 4, what is 0 + 3101?
3101
In base 3, what is -2 - 101?
-110
In base 15, what is -51 - 4?
-55
In base 4, what is -1001320 - -3?
-1001311
In base 14, what is 140a - -8?
1414
In base 11, what is 22 - -5?
27
In base 8, what is 140 + 0?
140
In base 13, what is 4 - c1?
-ba
In base 4, what is -33020 + 11?
-33003
In base 4, what is -1312 - 11?
-1323
In base 13, what is 1c - 1?
1b
In base 3, what is 21 - -21?
112
In base 7, what is -1 + 1401?
1400
In base 15, what is 1 - 283?
-282
In base 9, what is -3000 - 0?
-3000
In base 15, what is 3 - 22?
-1e
In base 3, what is 102 + -121001?
-120122
In base 11, what is -218 - -5?
-213
In base 2, what is -111010000 - 1?
-111010001
In base 14, what is -12 + -2?
-14
In base 16, what is 1e + d?
2b
In base 16, what is 238 + 3?
23b
In base 12, what is 5 + -130?
-127
In base 5, what is 34 - -4230?
4314
In base 4, what is -10 - -12320?
12310
In base 6, what is 2 + 115?
121
In base 4, what is 1121 - -12?
1133
In base 7, what is 10 + 5442?
5452
In base 8, what is -5 - -156?
151
In base 12, what is 21 - -7?
28
In base 16, what is 4 + -2b6?
-2b2
In base 5, what is -213 - 33?
-301
In base 6, what is -5 + 30024?
30015
In base 2, what is 10 + -100000000?
-11111110
In base 4, what is 2321 + 10?
2331
In base 2, what is -101 + -1011?
-10000
In base 13, what is -1 - 366?
-367
In base 9, what is 31 - 53?
-22
In base 5, what is -1144 + 4?
-1140
In base 15, what is 0 + -13?
-13
In base 9, what is -8 + 18?
10
In base 6, what is 24114 + 3?
24121
In base 15, what is 2c9 - 0?
2c9
In base 11, what is -5 + 39?
34
In base 10, what is -794 - -8?
-786
In base 14, what is 1111 + 1?
1112
In base 3, what is -1112 + -202?
-2021
In base 7, what is 5 + 101?
106
In base 2, what is -111 + -1011110100?
-1011111011
In base 8, what is -23 + 44?
21
In base 14, what is 3 - 1d?
-1a
In base 2, what is 1100111100 + -1001?
1100110011
In base 3, what is -1000 - -1100?
100
In base 8, what is 1 - -56?
57
In base 2, what is -101001 + -1110?
-110111
In base 12, what is -41 + -1?
-42
In base 8, what is -7 - 1624?
-1633
In base 15, what is 144 - 1?
143
In base 9, what is -84 - 0?
-84
In base 12, what is 1 - -1381?
1382
In base 2, what is -101 - 1001?
-1110
In base 3, what is -2 - 220?
-222
In base 15, what is 0 + -251?
-251
In base 9, what is 5 + 3?
8
In base 5, what is 3413 - 13?
3400
In base 15, what is -3 + -1c?
-20
In base 16, what is 67 - 19?
4e
In base 16, what is -1fa + 7?
-1f3
In base 2, what is -101 + -10111?
-11100
In base 6, what is 25 + -1?
24
In base 13, what is 1 - 40?
-3c
In base 14, what is -11 + -2?
-13
In base 3, what is 10002 - 2?
10000
In base 8, what is 20 - -25?
45
In base 13, what is -2 - -653?
651
In base 9, what is 348 + 5?
354
In base 4, what is 1313 + -10?
1303
In base 7, what is 0 + 2165?
2165
In base 2, what is 1 + -10?
-1
In base 13, what is -33 - c1?
-124
In base 11, what is 2 - -477?
479
In base 11, what is -44 - -6?
-39
In base 16, what is -4 - -ce?
ca
In base 16, what is 4 + -b5?
-b1
In base 11, what is 3179 + 6?
3184
In base 4, what is -123031 - 1?
-123032
In base 12, what is -3 + -12a?
-131
In base 6, what is 12 - 145?
-133
In base 5, what is -33 - -313?
230
In base 3, what is 10 - -1102?
1112
In base 4, what is 11011 + 0?
11011
In base 12, what is 15 - 1b?
-6
In base 12, what is -4a - 7?
-55
In base 16, what is 121 - 8?
119
In base 16, what is -38 - 15?
-4d
In base 14, what is -9c3 + 2?
-9c1
In base 2, what is -1 + 1101010010?
1101010001
In base 9, what is -1 + 5001?
5000
In base 11, what is 6 + -10a?
-104
In base 3, what is -210200 + 2?
-210121
In base 4, what is -23123 - 0?
-23123
In base 2, what is 1000000111000 - 100?
1000000110100
In base 3, what is 0 + 1110?
1110
In base 12, what is -53b + -5?
-544
In base 12, what is 1 + 3b1?
3b2
In base 4, what is 330 - -300?
1230
In base 9, what is -1238 - 2?
-1241
In base 12, what is -208 - -5?
-203
In base 7, what is 3622 + -4?
3615
In base 5, what is 0 + 430?
430
In base 4, what is 11 + 110?
121
In base 4, what is -220021 - 3?
-220030
In base 10, what is -4 + -165?
-169
In base 7, what is -4126 - -1?
-4125
In base 16, what is 215d + 1?
215e
In base 15, what is 179 - -2?
17b
In base 12, what is 1 - ba?
-b9
In base 8, what is 20 + 12?
32
In base 6, what is -155 - 2?
-201
In base 5, what is -3 - -1044?
1041
In base 5, what is -410 + -1403?
-2313
In base 8, what is -5 + -223?
-230
In base 15, what is 4 + 3?
7
In base 13, what is 0 - -67?
67
In base 6, what is 23 - 0?
23
In base 9, what is 1511 + -1?
1510
In base 7, what is 20046 + -2?
20044
In base 6, what is -33104 - 3?
-33111
In base 12, what is 4 + -5a7?
-5a3
In base 13, what is -3 - 11c?
-122
In base 7, what is 0 + 2124?
2124
In base 14, what is -4 - -29?
25
In base 10, what is -3 + 13?
10
In base 14, what is -6 - 2db?
-303
In base 11, what is -5 + -52?
-57
In base 12, what is -2 - 9?
-b
In base 12, what is -765 + 0?
-765
In base 2, what is 100 - 11011?
-10111
In base 6, what is 32 + -255?
-223
In base 11, what is 4 - -10?
14
In base 5, what is -24 + 242?
213
In base 9, what is -2 - -280?
277
In base 7, what is 14 + -1562?
-1545
In base 7, what is -152 - 1?
-153
In base 15, what is 5 + 171?
176
In base 15, what is 2 + 36e?
371
In base 7, what is 2 - -10364?
10366
In base 8, what is -103 - -2?
-101
In base 14, what is 42a + 2?
42c
In base 8, what is -10 - -31?
21
In base 16, what is -a + -13?
-1d
In base 14, what is -11c + -1?
-11d
In base 10, what is 169 + -4?
165
In base 8, what is -21043 - -4?
-21037
In base 2, what is 10000100010 - -1?
10000100011
In base 7, what is 0 + 1640?
1640
In base 2,